01 + -3?
20332
In base 5, what is 43 + 332?
430
In base 9, what is -3 - -110?
106
In base 12, what is 21 - 1?
20
In base 3, what is -101011 + -12?
-101100
In base 9, what is -3322 - -10?
-3312
In base 4, what is -323 + -32?
-1021
In base 9, what is -35 - -7?
-27
In base 11, what is 5 - -91?
96
In base 16, what is 1c0 - -5?
1c5
In base 13, what is 7 - -1?
8
In base 13, what is -5 - -126?
121
In base 6, what is 5 - -30?
35
In base 13, what is 5 - -66?
6b
In base 8, what is -47 + 1?
-46
In base 3, what is -101022 - -2?
-101020
In base 6, what is 35255 - 0?
35255
In base 11, what is -132 - 3?
-135
In base 4, what is 11 - 12303?
-12232
In base 11, what is 24 + 7a?
a3
In base 11, what is -6 - -305?
2aa
In base 15, what is 1 + bd?
be
In base 12, what is 1 - 1?
0
In base 13, what is -8a - 1?
-8b
In base 12, what is -583 + 1?
-582
In base 14, what is -18c + 1?
-18b
In base 11, what is -24 + -7?
-30
In base 11, what is 65 + 30?
95
In base 15, what is 2 + -19d?
-19b
In base 4, what is 31323 - -1?
31330
In base 5, what is 3 + -34142?
-34134
In base 8, what is 4 - 533?
-527
In base 2, what is 1100000100 - 0?
1100000100
In base 2, what is 11 - -101010?
101101
In base 2, what is -1100110011 + -101?
-1100111000
In base 12, what is -2 + -a64?
-a66
In base 12, what is -62 - 11?
-73
In base 2, what is -11 - 1101000?
-1101011
In base 3, what is 2211 - -2101?
12012
In base 14, what is -23 + -1cd?
-212
In base 10, what is 58999 + 4?
59003
In base 8, what is 42062 + -1?
42061
In base 15, what is 5 - 17?
-12
In base 3, what is 10222 + -110?
10112
In base 16, what is 54 + -c?
48
In base 7, what is 22 + -30?
-5
In base 11, what is -73 - 6?
-79
In base 8, what is -1 + 50?
47
In base 2, what is 10011101111 + 11101?
10100001100
In base 15, what is 0 - 2d?
-2d
In base 11, what is -4 + -9a?
-a3
In base 11, what is 5 - 14?
-a
In base 13, what is 3 - 98b?
-988
In base 2, what is -10 - -1000111000?
1000110110
In base 6, what is -121303 - 3?
-121310
In base 12, what is -3 - -37?
34
In base 3, what is -121212 + 110?
-121102
In base 12, what is 17 - 3?
14
In base 14, what is -1dc1 - -1?
-1dc0
In base 9, what is 13 - -5?
18
In base 10, what is 31 + -22?
9
In base 4, what is -1001 + -1230?
-2231
In base 4, what is -3 - 11021?
-11030
In base 10, what is 4 + 616?
620
In base 7, what is 22 - -6?
31
In base 6, what is -253503 + -3?
-253510
In base 4, what is -2023 - 0?
-2023
In base 2, what is -1 + 101100?
101011
In base 13, what is 7 - -54?
5b
In base 12, what is 375 + -2?
373
In base 12, what is -4 - -3b1?
3a9
In base 4, what is 1200 - -3?
1203
In base 3, what is 1 - -1212222?
1220000
In base 14, what is 12 - 156?
-144
In base 7, what is -3 + 301?
265
In base 8, what is 353 + 10?
363
In base 15, what is 1ce + 0?
1ce
In base 10, what is -742 + 5?
-737
In base 6, what is 2001 + -44?
1513
In base 13, what is 0 + 10c?
10c
In base 3, what is -1020 - -10?
-1010
In base 2, what is 1100111 - -100001?
10001000
In base 5, what is -401 - -10?
-341
In base 12, what is -a + -4?
-12
In base 5, what is -131 + -2413?
-3044
In base 9, what is -45 - 2?
-47
In base 13, what is 13b + -1a?
121
In base 3, what is 102 + -121010?
-120201
In base 11, what is 1 + 702?
703
In base 9, what is 5 - 0?
5
In base 12, what is -21 - -5?
-18
In base 7, what is 0 - 632?
-632
In base 2, what is -10100001110 - 10?
-10100010000
In base 11, what is -34 + 81?
48
In base 9, what is -1236 + -3?
-1240
In base 10, what is -639 - 2?
-641
In base 10, what is -536 + 3?
-533
In base 8, what is -525 - 6?
-533
In base 11, what is 3 - 9a5?
-9a2
In base 11, what is 133 - -60?
193
In base 8, what is 6 + -1110?
-1102
In base 6, what is -3 - -25?
22
In base 9, what is 117 + -26?
81
In base 10, what is 4 + -634?
-630
In base 6, what is -11400 + -5?
-11405
In base 10, what is -131 - -21?
-110
In base 6, what is 1 - -1024?
1025
In base 7, what is 6 - -50?
56
In base 10, what is -3 + -36?
-39
In base 15, what is 3 - 7?
-4
In base 11, what is 80 - -115?
195
In base 13, what is b36 + -4?
b32
In base 6, what is -53 + 31?
-22
In base 6, what is -3 - -41?
34
In base 11, what is 3 + 868?
870
In base 4, what is 2 - 211101?
-211033
In base 3, what is 20 + -102200?
-102110
In base 7, what is -21 + -1564?
-1615
In base 9, what is -12 - -846?
834
In base 7, what is 2 + 163?
165
In base 11, what is 7 - 51?
-45
In base 4, what is -103 + -12?
-121
In base 14, what is 2 + -1b?
-19
In base 12, what is 0 + 16?
16
In base 7, what is 5 + 105?
113
In base 15, what is 6d9 + 2?
6db
In base 12, what is 585 + -1b?
566
In base 2, what is 10000111011 - 0?
10000111011
In base 15, what is -2 - -7e?
7c
In base 6, what is -2 + 31?
25
In base 5, what is -2 + 214?
212
In base 5, what is 23 + 304?
332
In base 12, what is 0 - -39?
39
In base 8, what is 241 - -110?
351
In base 3, what is -10 + 111?
101
In base 10, what is 365 + -4?
361
In base 7, what is 3 - -165?
201
In base 12, what is -5 - -506?
501
In base 16, what is 1b - 18?
3
In base 8, what is -6 - 11?
-17
In base 4, what is -12 + 122302?
122230
In base 8, what is -5 + -45?
-52
In base 14, what is -5 + 448?
443
In base 5, what is -13042 + 4?
-13033
In base 12, what is 2 - -27?
29
In base 15, what is 12e + -a?
124
In base 4, what is -1132 + 1020?
-112
In base 7, what is 355 + -4?
351
In base 15, what is -12 + a?
-7
In base 5, what is -3 - -3?
0
In base 11, what is 51 + 25?
76
In base 14, what is -169 - 4?
-16d
In base 14, what is 1 + 3?
4
In base 2, what is 1111110000111 - 0?
1111110000111
In base 10, what is -83 + 6?
-77
In base 3, what is 210 + 1212112?
1220022
In base 14, what is -2c10 + -5?
-2c15
In base 12, what is b8 - 1?
b7
In base 10, what is 6 - 81?
-75
In base 6, what is -24 - -2?
-22
In base 15, what is -760 - 4?
-764
In base 3, what is -11 + 2212?
2201
In base 11, what is a4 + -1?
a3
In base 9, what is -1 - -546?
545
In base 10, what is 12 - -277?
289
In base 10, what is -749 + 0?
-749
In base 3, what is 2 + 1102?
1111
In base 10, what is 1 + -179?
-178
In base 3, what is -1 - -1202?
1201
In base 12, what is -4 - -24?
20
In base 6, what is -21 + 15?
-2
In base 10, what is 5 + -5017?
-5012
In base 6, what is -12 + -10?
-22
In base 9, what is -76 - 84?
-171
In base 4, what is -1 + -110012?
-110013
In base 2, what is 111100 + 1?
111101
In base 16, what is -56 - -22?
-34
In base 4, what is 11 + -221?
-210
In base 11, what is -7642 - -3?
-763a
In base 3, what is 0 - -2021221?
2021221
In base 10, what is 2478 + 4?
2482
In base 3, what is -12102 + 12?
-12020
In base 15, what is -30 + -10?
-40
In base 2, what is 11011 - -11110010?
100001101
In base 15, what is 275 + 5?
27a
In base 11, what is -a + -118a?
-1199
In base 8, what is -3616 - -4?
-3612
In base 4, what is -1 + 230000?
223333
In base 14, what is 1 - 11?
-10
In base 11, what is 17 + 55?
71
In base 8, what is 0 - -52?
52
In base 6, what is 40 + -1?
35
In base 6, what is 5 - -2010?
2015
In base 4, what is 211023 - -1?
211030
In base 4, what is 103 + 0?
103
In base 12, what is 5 - 48?
-43
In base 7, what is -1362 - 6?
-1401
In base 14, what is 5 - -102a?
1031
In base 8, what is -20 - 41?
-61
In base 12, what is -1b - 27?
-46
In base 13, what is -3 + 25?
22
In base 6, what is 0 + 22530?
22530
In base 2, what is 1011111110 + -11?
1011111011
In base 12, what is -9b23 + -3?
-9b26
In base 9, what is 3 + 5034?
5037
In base 16, what is 35c - -c?
368
In base 2, what is -1010011 + 100?
-1001111
In base 11, what is -2 + 8?
6
In base 15, what is -4 - 2a?
-2e
In base 5, what is -14 - 311?
-330
In base 5, what is -1413 - -3?
-1410
In base 4, what is 100 + -11222?
-11122
In base 11, what is 2 + -70a?
-708
In base 5, what is -13 + 101023?
101010
In base 2, what is -11 + 111011?
111000
In base 13, what is -21 + 2?
-1c
In base 15, what is -14ac + -1?
-14ad
In base 16, what is -2 + -2a?
-2c
In base 6, what is 33405 + -3?
33402
In base 11, what is -3a + -a?
-49
In base 7, what is 1525 + 13?
1541
In base 4, what is -20 - 13110?
-13130
In base 11, what is 17 - 7?
10
In base 8, what is 160 - 7?
151
In base 2, what is -1 + -11101?
-11110
In base 5, what is -110 + -40?
-200
In base 12, what is -b + 604?
5b5
In base 7, what is 2 - 6?
-4
In base 7, what is 0 - -6155?
6155
In base 16, what is -3 + -4cf?
-4d2
In base 12, what is 3 + -13a?
-137
In base 2, what is 10101011101 + 1?
1010